{"id":17,"date":"2015-06-30T08:55:22","date_gmt":"2015-06-30T08:55:22","guid":{"rendered":"http:\/\/www.mundocastillo.es\/?page_id=17"},"modified":"2015-12-20T19:19:41","modified_gmt":"2015-12-20T19:19:41","slug":"prueba","status":"publish","type":"page","link":"http:\/\/www.mundocastillo.es\/?page_id=17","title":{"rendered":"Contacto"},"content":{"rendered":"<p>D\u00e9jenos un mensaje:<\/p>\n<p>&nbsp;<\/p>\n<p>[contact-form-7 id=\u00bb299&#8243; title=\u00bbMsM\u00bb]<\/p>\n<p style=\"text-align: center;\">Ll\u00e1meme al 646-45-44-34<\/p>\n<p style=\"text-align: center;\">Jorge Serrano<\/p>\n<p style=\"text-align: center;\"><strong>T\u00e9cnico Superior en Educaci\u00f3n Infantil<\/strong><\/p>\n<p style=\"text-align: center;\"><strong>Monitor de Tiempo Libre Infantil y Juvenil<\/strong><\/p>\n<p style=\"text-align: center;\"><a href=\"mailto:info@mundocastillo.es\">info@mundocastillo.es<\/a><\/p>\n<p>Sonrisas para sus hijos y para usted.<\/p>\n","protected":false},"excerpt":{"rendered":"<p class=\"excerpt\">D\u00e9jenos un mensaje: &nbsp; [contact-form-7 id=\u00bb299&#8243; title=\u00bbMsM\u00bb] Ll\u00e1meme al 646-45-44-34 Jorge Serrano T\u00e9cnico Superior en Educaci\u00f3n Infantil Monitor de Tiempo Libre Infantil y Juvenil info@mundocastillo.es Sonrisas para sus hijos y para usted.<\/p>\n<p class=\"more-link-p\"><a class=\"btn btn-default\" href=\"http:\/\/www.mundocastillo.es\/?page_id=17\">Read more<\/a><\/p>\n","protected":false},"author":1,"featured_media":0,"parent":0,"menu_order":0,"comment_status":"closed","ping_status":"closed","template":"","meta":{"footnotes":""},"class_list":["post-17","page","type-page","status-publish","hentry"],"_links":{"self":[{"href":"http:\/\/www.mundocastillo.es\/index.php?rest_route=\/wp\/v2\/pages\/17","targetHints":{"allow":["GET"]}}],"collection":[{"href":"http:\/\/www.mundocastillo.es\/index.php?rest_route=\/wp\/v2\/pages"}],"about":[{"href":"http:\/\/www.mundocastillo.es\/index.php?rest_route=\/wp\/v2\/types\/page"}],"author":[{"embeddable":true,"href":"http:\/\/www.mundocastillo.es\/index.php?rest_route=\/wp\/v2\/users\/1"}],"replies":[{"embeddable":true,"href":"http:\/\/www.mundocastillo.es\/index.php?rest_route=%2Fwp%2Fv2%2Fcomments&post=17"}],"version-history":[{"count":32,"href":"http:\/\/www.mundocastillo.es\/index.php?rest_route=\/wp\/v2\/pages\/17\/revisions"}],"predecessor-version":[{"id":308,"href":"http:\/\/www.mundocastillo.es\/index.php?rest_route=\/wp\/v2\/pages\/17\/revisions\/308"}],"wp:attachment":[{"href":"http:\/\/www.mundocastillo.es\/index.php?rest_route=%2Fwp%2Fv2%2Fmedia&parent=17"}],"curies":[{"name":"wp","href":"https:\/\/api.w.org\/{rel}","templated":true}]}}