{"id":257,"date":"2015-12-19T18:27:48","date_gmt":"2015-12-19T18:27:48","guid":{"rendered":"http:\/\/www.mundocastillo.es\/?page_id=257"},"modified":"2025-01-30T11:18:35","modified_gmt":"2025-01-30T11:18:35","slug":"castillos-hinchables","status":"publish","type":"page","link":"https:\/\/www.mundocastillo.es\/?page_id=257","title":{"rendered":"Castillos Hinchables"},"content":{"rendered":"\n<div class=\"wp-block-group\"><div class=\"wp-block-group__inner-container is-layout-constrained wp-block-group-is-layout-constrained\">\n<h1 style=\"text-align: center;\"><span style=\"color: #ff0000;\">CASTILLOS HINCHABLES TERRESTRES<\/span><\/h1>\n<p>Haz que tu <strong>fiesta<\/strong> sea especial con <strong>MUNDO CASTILLO<\/strong>, a tus hijos les espera un mundo lleno de <strong>diversi\u00f3n<\/strong> y <strong>alegr\u00eda<\/strong> que no olvidar\u00e1n.<\/p>\n<h3 style=\"text-align: center;\"><span style=\"color: #0000ff;\"><strong style=\"color: #282828; font-family: Raleway, sans-serif; font-size: 24px;\">Castillo<\/strong><span style=\"color: #282828; font-family: Raleway, sans-serif; font-size: 24px; font-weight: normal;\">\u00a0<\/span><b>PISCINA DE BOLAS CON CANASTA<\/b><\/span>: medidas 3&#215;3 metros<\/h3>\n<p><img loading=\"lazy\" decoding=\"async\" class=\"Hinchable Piscina de Bolas con Canasta 3x3 metros Mundo Castillo wp-image-381 size-full\" title=\"Hinchable Piscina de Bolas con Canasta 3x3 metros Mundo Castillo\" src=\"http:\/\/www.mundocastillo.es\/wp-content\/uploads\/2019\/10\/PISCINA-DE-BOLAS.jpg\" alt=\"Hinchable Piscina de Bolas con Canasta 3x3 metros Mundo Castillo\" width=\"4032\" height=\"3024\" srcset=\"https:\/\/www.mundocastillo.es\/wp-content\/uploads\/2019\/10\/PISCINA-DE-BOLAS.jpg 4032w, https:\/\/www.mundocastillo.es\/wp-content\/uploads\/2019\/10\/PISCINA-DE-BOLAS-300x225.jpg 300w, https:\/\/www.mundocastillo.es\/wp-content\/uploads\/2019\/10\/PISCINA-DE-BOLAS-768x576.jpg 768w, https:\/\/www.mundocastillo.es\/wp-content\/uploads\/2019\/10\/PISCINA-DE-BOLAS-1024x768.jpg 1024w\" sizes=\"auto, (max-width: 4032px) 100vw, 4032px\" \/><\/p>\n<h3>\u00a0<\/h3>\n<h3 style=\"text-align: center;\"><strong>Castillo<\/strong>\u00a0<span style=\"color: #0000ff;\"><b>PATRULLA CANINA<\/b><\/span>: medidas 3&#215;4 metros<\/h3>\n<h3 style=\"text-align: center;\"><span style=\"color: #0000ff;\"><br \/><b><\/b><\/span><\/h3>\n<div id=\"attachment_384\" style=\"width: 3034px\" class=\"wp-caption aligncenter\"><img loading=\"lazy\" decoding=\"async\" aria-describedby=\"caption-attachment-384\" class=\"Hinchable Patrulla Canina 3x4 metros Mundo Castillo wp-image-384 size-full\" title=\"Hinchable Patrulla Canina 3x4 metros Mundo Castillo\" src=\"http:\/\/www.mundocastillo.es\/wp-content\/uploads\/2019\/10\/20180825_171011.jpg\" alt=\"Hinchable Patrulla Canina 3x4 metros Mundo Castillo\" width=\"3024\" height=\"4032\" srcset=\"https:\/\/www.mundocastillo.es\/wp-content\/uploads\/2019\/10\/20180825_171011.jpg 3024w, https:\/\/www.mundocastillo.es\/wp-content\/uploads\/2019\/10\/20180825_171011-225x300.jpg 225w, https:\/\/www.mundocastillo.es\/wp-content\/uploads\/2019\/10\/20180825_171011-768x1024.jpg 768w\" sizes=\"auto, (max-width: 3024px) 100vw, 3024px\" \/><p id=\"caption-attachment-384\" class=\"wp-caption-text\">Hinchable Patrulla Canina 3&#215;4 metros Mundo Castillo<\/p><\/div>\n<h3>\u00a0<\/h3>\n<h3 style=\"text-align: center;\">\u00a0<strong>Castillo<\/strong>\u00a0<strong><span style=\"color: #0000ff;\">MICKEY MOUSE<\/span><\/strong>: medidas 6&#215;5 metros<\/h3>\n<div id=\"attachment_416\" style=\"width: 2499px\" class=\"wp-caption aligncenter\"><img loading=\"lazy\" decoding=\"async\" aria-describedby=\"caption-attachment-416\" class=\"Castillo Hinchable Mickey Mouse 6x5 metros Mundo Castillo wp-image-416 size-full\" title=\"Castillo Hinchable Mickey Mouse 6x5 metros Mundo Castillo\" src=\"http:\/\/www.mundocastillo.es\/wp-content\/uploads\/2021\/07\/IMG_20170714_151806-1-scaled.jpg\" alt=\"Castillo\u00a0MICKEY MOUSE: medidas 6x5 metros\" width=\"2489\" height=\"2560\" srcset=\"https:\/\/www.mundocastillo.es\/wp-content\/uploads\/2021\/07\/IMG_20170714_151806-1-scaled.jpg 2489w, https:\/\/www.mundocastillo.es\/wp-content\/uploads\/2021\/07\/IMG_20170714_151806-1-292x300.jpg 292w, https:\/\/www.mundocastillo.es\/wp-content\/uploads\/2021\/07\/IMG_20170714_151806-1-995x1024.jpg 995w, https:\/\/www.mundocastillo.es\/wp-content\/uploads\/2021\/07\/IMG_20170714_151806-1-768x790.jpg 768w, https:\/\/www.mundocastillo.es\/wp-content\/uploads\/2021\/07\/IMG_20170714_151806-1-1493x1536.jpg 1493w, https:\/\/www.mundocastillo.es\/wp-content\/uploads\/2021\/07\/IMG_20170714_151806-1-1991x2048.jpg 1991w\" sizes=\"auto, (max-width: 2489px) 100vw, 2489px\" \/><p id=\"caption-attachment-416\" class=\"wp-caption-text\">Castillo MICKEY MOUSE: medidas 6&#215;5 metros<\/p><\/div>\n<h3 style=\"text-align: center;\"><strong>Castillo<\/strong>\u00a0<strong><span style=\"color: #0000ff;\">MARINO<\/span><\/strong>: medidas 7&#215;6 metros<\/h3>\n<div id=\"attachment_328\" style=\"width: 2549px\" class=\"wp-caption aligncenter\"><img loading=\"lazy\" decoding=\"async\" aria-describedby=\"caption-attachment-328\" class=\"Castillo Hinchable Marino 7X6 metros Mundo Castillo wp-image-328 size-full\" title=\"Castillo Hinchable Marino 7X6 metros Mundo Castillo\" src=\"http:\/\/www.mundocastillo.es\/wp-content\/uploads\/2016\/06\/CASTILLO-MARINO-7X6.jpg\" alt=\"Castillo Hinchable Marino 7X6 metros Mundo Castillo\" width=\"2539\" height=\"1476\" srcset=\"https:\/\/www.mundocastillo.es\/wp-content\/uploads\/2016\/06\/CASTILLO-MARINO-7X6.jpg 2539w, https:\/\/www.mundocastillo.es\/wp-content\/uploads\/2016\/06\/CASTILLO-MARINO-7X6-300x174.jpg 300w, https:\/\/www.mundocastillo.es\/wp-content\/uploads\/2016\/06\/CASTILLO-MARINO-7X6-768x446.jpg 768w, https:\/\/www.mundocastillo.es\/wp-content\/uploads\/2016\/06\/CASTILLO-MARINO-7X6-1024x595.jpg 1024w\" sizes=\"auto, (max-width: 2539px) 100vw, 2539px\" \/><p id=\"caption-attachment-328\" class=\"wp-caption-text\">Castillo\u00a0MARINO: medidas 7&#215;6 metr<\/p><\/div>\n<h3>\u00a0<\/h3>\n<h3 style=\"text-align: center;\"><strong>Castillo<\/strong><span style=\"color: #0000ff;\">\u00a0<b>CAMPO DE F\u00daTBOL<\/b><\/span>: medidas 12&#215;5 metros<\/h3>\n<div id=\"attachment_417\" style=\"width: 2570px\" class=\"wp-caption aligncenter\"><img loading=\"lazy\" decoding=\"async\" aria-describedby=\"caption-attachment-417\" class=\"Castillo Hinchable Campo de F\u00fatbol 12 x 5metros Mundo Castillo wp-image-417 size-full\" title=\"Castillo Hinchable Campo de F\u00fatbol 12 x 5metros Mundo Castillo\" src=\"http:\/\/www.mundocastillo.es\/wp-content\/uploads\/2021\/07\/20210627_162420-scaled.jpg\" alt=\"Castillo\u00a0CAMPO DE F\u00daTBOL: medidas 12x5 metros\" width=\"2560\" height=\"1244\" srcset=\"https:\/\/www.mundocastillo.es\/wp-content\/uploads\/2021\/07\/20210627_162420-scaled.jpg 2560w, https:\/\/www.mundocastillo.es\/wp-content\/uploads\/2021\/07\/20210627_162420-300x146.jpg 300w, https:\/\/www.mundocastillo.es\/wp-content\/uploads\/2021\/07\/20210627_162420-1024x498.jpg 1024w, https:\/\/www.mundocastillo.es\/wp-content\/uploads\/2021\/07\/20210627_162420-768x373.jpg 768w, https:\/\/www.mundocastillo.es\/wp-content\/uploads\/2021\/07\/20210627_162420-1536x747.jpg 1536w, https:\/\/www.mundocastillo.es\/wp-content\/uploads\/2021\/07\/20210627_162420-2048x996.jpg 2048w\" sizes=\"auto, (max-width: 2560px) 100vw, 2560px\" \/><p id=\"caption-attachment-417\" class=\"wp-caption-text\">Castillo\u00a0CAMPO DE F\u00daTBOL: medidas 12&#215;5 metros<\/p><\/div>\n<h1>\u00a0<\/h1>\n<h3 style=\"text-align: center;\"><strong>Castillo<\/strong><span style=\"color: #0000ff;\"> PALO LOCO CORRECAMINOS<\/span>: medidas 6&#215;6 metros<\/h3>\n<div id=\"attachment_426\" style=\"width: 2570px\" class=\"wp-caption aligncenter\"><img loading=\"lazy\" decoding=\"async\" aria-describedby=\"caption-attachment-426\" class=\"Castillo PALO LOCO CORRECAMINOS: medidas 6x6 metros wp-image-426 size-full\" title=\"Castillo PALO LOCO CORRECAMINOS: medidas 6x6 metros\" src=\"http:\/\/www.mundocastillo.es\/wp-content\/uploads\/2021\/07\/20210714_102846-scaled.jpg\" alt=\"Castillo PALO LOCO CORRECAMINOS: medidas 6x6 metros\" width=\"2560\" height=\"1183\" srcset=\"https:\/\/www.mundocastillo.es\/wp-content\/uploads\/2021\/07\/20210714_102846-scaled.jpg 2560w, https:\/\/www.mundocastillo.es\/wp-content\/uploads\/2021\/07\/20210714_102846-300x139.jpg 300w, https:\/\/www.mundocastillo.es\/wp-content\/uploads\/2021\/07\/20210714_102846-1024x473.jpg 1024w, https:\/\/www.mundocastillo.es\/wp-content\/uploads\/2021\/07\/20210714_102846-768x355.jpg 768w, https:\/\/www.mundocastillo.es\/wp-content\/uploads\/2021\/07\/20210714_102846-1536x710.jpg 1536w, https:\/\/www.mundocastillo.es\/wp-content\/uploads\/2021\/07\/20210714_102846-2048x946.jpg 2048w\" sizes=\"auto, (max-width: 2560px) 100vw, 2560px\" \/><p id=\"caption-attachment-426\" class=\"wp-caption-text\">Castillo PALO LOCO CORRECAMINOS: medidas 6&#215;6 metros<\/p><\/div>\n<p style=\"text-align: center;\"><strong><span style=\"color: #ff0000;\"><span style=\"font-size: 30px;\">CASTILLOS HINCHABLES ACU\u00c1TICOS<\/span><\/span><\/strong><\/p>\n<h3>\u00a0<\/h3>\n<h3 style=\"text-align: center;\"><span style=\"color: #0000ff;\"><strong style=\"color: #282828; font-family: Raleway, sans-serif; font-size: 24px;\">Castillo<\/strong><span style=\"color: #282828; font-family: Raleway, sans-serif; font-size: 24px; font-weight: normal;\">\u00a0<\/span><b>PISCINA ACU\u00c1TICA CON CANASTA<\/b><\/span>: medidas 3&#215;3 metros<\/h3>\n<div id=\"attachment_375\" style=\"width: 4042px\" class=\"wp-caption aligncenter\"><img loading=\"lazy\" decoding=\"async\" aria-describedby=\"caption-attachment-375\" class=\"Hinchable Piscina Acu\u00e1tica 3x3 metros Mundo Castillo wp-image-375 size-full\" title=\"Hinchable Piscina Acu\u00e1tica 3x3 metros Mundo Castillo\" src=\"http:\/\/www.mundocastillo.es\/wp-content\/uploads\/2019\/10\/PISCINA-ACU\u00c1TICA-3X3-CON-CANASTA.jpg\" alt=\"Hinchable Piscina Acu\u00e1tica 3x3 metros Mundo Castillo\" width=\"4032\" height=\"3024\" srcset=\"https:\/\/www.mundocastillo.es\/wp-content\/uploads\/2019\/10\/PISCINA-ACU\u00c1TICA-3X3-CON-CANASTA.jpg 4032w, https:\/\/www.mundocastillo.es\/wp-content\/uploads\/2019\/10\/PISCINA-ACU\u00c1TICA-3X3-CON-CANASTA-300x225.jpg 300w, https:\/\/www.mundocastillo.es\/wp-content\/uploads\/2019\/10\/PISCINA-ACU\u00c1TICA-3X3-CON-CANASTA-768x576.jpg 768w, https:\/\/www.mundocastillo.es\/wp-content\/uploads\/2019\/10\/PISCINA-ACU\u00c1TICA-3X3-CON-CANASTA-1024x768.jpg 1024w\" sizes=\"auto, (max-width: 4032px) 100vw, 4032px\" \/><p id=\"caption-attachment-375\" class=\"wp-caption-text\">Hinchable Piscina Acu\u00e1tica 3&#215;3 metros Mundo Castillo<\/p><\/div>\n<h3 style=\"text-align: center;\"><strong>Castillo<\/strong>\u00a0<span style=\"color: #0000ff;\"><strong>TOBOG\u00c1N<\/strong><b>\u00a0ACU\u00c1TICO<\/b><\/span>: medidas 9x6x6 metros<\/h3>\n<div id=\"attachment_445\" style=\"width: 1763px\" class=\"wp-caption aligncenter\"><img loading=\"lazy\" decoding=\"async\" aria-describedby=\"caption-attachment-445\" class=\"Hinchable Tobog\u00e1n Acu\u00e1tico Delf\u00edn 9x6 metros Mundo Castillo wp-image-445 size-full\" title=\"Hinchable Tobog\u00e1n Acu\u00e1tico Delf\u00edn 9x6 metros Mundo Castillo\" src=\"http:\/\/www.mundocastillo.es\/wp-content\/uploads\/2021\/07\/20210714_130346.jpg\" alt=\"Hinchable Tobog\u00e1n Acu\u00e1tico Delf\u00edn 9x6 metros Mundo Castillo\" width=\"1753\" height=\"1786\" srcset=\"https:\/\/www.mundocastillo.es\/wp-content\/uploads\/2021\/07\/20210714_130346.jpg 1753w, https:\/\/www.mundocastillo.es\/wp-content\/uploads\/2021\/07\/20210714_130346-294x300.jpg 294w, https:\/\/www.mundocastillo.es\/wp-content\/uploads\/2021\/07\/20210714_130346-1005x1024.jpg 1005w, https:\/\/www.mundocastillo.es\/wp-content\/uploads\/2021\/07\/20210714_130346-768x782.jpg 768w, https:\/\/www.mundocastillo.es\/wp-content\/uploads\/2021\/07\/20210714_130346-1508x1536.jpg 1508w\" sizes=\"auto, (max-width: 1753px) 100vw, 1753px\" \/><p id=\"caption-attachment-445\" class=\"wp-caption-text\">Hinchable Tobog\u00e1n Acu\u00e1tico Delf\u00edn 9&#215;6 metros Mundo Castillo<\/p><\/div>\n<h3>\u00a0<\/h3>\n<h3 style=\"text-align: center;\"><strong>Castillo<\/strong>\u00a0<span style=\"color: #0000ff;\"><b>DESLIZADERA ACU\u00c1TICA DOBLE CARRIL COLORES<\/b><\/span>: medidas 10&#215;3 metros<\/h3>\n<p><a href=\"http:\/\/www.mundocastillo.es\/wp-content\/uploads\/2025\/01\/1738235660369.jpg\"><img loading=\"lazy\" decoding=\"async\" class=\"aligncenter wp-image-472 size-medium\" title=\"Hinchable Deslizadera Acu\u00e1tica Doble Carril Colores 11x3 metros Mundo Castillo\" src=\"http:\/\/www.mundocastillo.es\/wp-content\/uploads\/2025\/01\/1738235660369-300x219.jpg\" alt=\"\" width=\"300\" height=\"219\" srcset=\"https:\/\/www.mundocastillo.es\/wp-content\/uploads\/2025\/01\/1738235660369-300x219.jpg 300w, https:\/\/www.mundocastillo.es\/wp-content\/uploads\/2025\/01\/1738235660369-1024x748.jpg 1024w, https:\/\/www.mundocastillo.es\/wp-content\/uploads\/2025\/01\/1738235660369-768x561.jpg 768w, https:\/\/www.mundocastillo.es\/wp-content\/uploads\/2025\/01\/1738235660369.jpg 1080w\" sizes=\"auto, (max-width: 300px) 100vw, 300px\" \/><\/a><\/p>\n<div id=\"attachment_383\" style=\"width: 991px\" class=\"wp-caption aligncenter\"><img loading=\"lazy\" decoding=\"async\" aria-describedby=\"caption-attachment-383\" class=\"wp-image-383 size-full\" title=\"Hinchable Deslizadera Acu\u00e1tica Doble Carril Colores 11x3 metros Mundo Castillo\" src=\"http:\/\/www.mundocastillo.es\/wp-content\/uploads\/2019\/10\/DESLIZADERA-COLORES-10X3.jpg\" alt=\"Hinchable Deslizadera Acu\u00e1tica Doble Carril Colores 11x3 metros Mundo Castillo\" width=\"981\" height=\"702\" srcset=\"https:\/\/www.mundocastillo.es\/wp-content\/uploads\/2019\/10\/DESLIZADERA-COLORES-10X3.jpg 981w, https:\/\/www.mundocastillo.es\/wp-content\/uploads\/2019\/10\/DESLIZADERA-COLORES-10X3-300x215.jpg 300w, https:\/\/www.mundocastillo.es\/wp-content\/uploads\/2019\/10\/DESLIZADERA-COLORES-10X3-768x550.jpg 768w\" sizes=\"auto, (max-width: 981px) 100vw, 981px\" \/><p id=\"caption-attachment-383\" class=\"wp-caption-text\">Hinchable Deslizadera Acu\u00e1tica Doble Carril Colores 11&#215;3 metros Mundo Castillo<\/p><\/div>\n<p style=\"text-align: left;\">Os esperamos!!!<\/p>\n<\/div><\/div>\n","protected":false},"excerpt":{"rendered":"<p class=\"excerpt\">CASTILLOS HINCHABLES TERRESTRES Haz que tu fiesta sea especial con MUNDO CASTILLO, a tus hijos les espera un mundo lleno de diversi\u00f3n y alegr\u00eda que no olvidar\u00e1n. Castillo\u00a0PISCINA DE BOLAS CON CANASTA: medidas 3&#215;3 metros \u00a0 Castillo\u00a0PATRULLA CANINA: medidas 3&#215;4 metros \u00a0 \u00a0Castillo\u00a0MICKEY MOUSE: medidas 6&#215;5 metros Castillo\u00a0MARINO: medidas 7&#215;6 metros \u00a0 Castillo\u00a0CAMPO DE F\u00daTBOL: medidas 12&#215;5 metros \u00a0 Castillo&hellip;<\/p>\n<p class=\"more-link-p\"><a class=\"btn btn-default\" href=\"https:\/\/www.mundocastillo.es\/?page_id=257\">Read more<\/a><\/p>\n","protected":false},"author":1,"featured_media":315,"parent":0,"menu_order":0,"comment_status":"closed","ping_status":"closed","template":"","meta":{"footnotes":""},"class_list":["post-257","page","type-page","status-publish","has-post-thumbnail","hentry"],"_links":{"self":[{"href":"https:\/\/www.mundocastillo.es\/index.php?rest_route=\/wp\/v2\/pages\/257","targetHints":{"allow":["GET"]}}],"collection":[{"href":"https:\/\/www.mundocastillo.es\/index.php?rest_route=\/wp\/v2\/pages"}],"about":[{"href":"https:\/\/www.mundocastillo.es\/index.php?rest_route=\/wp\/v2\/types\/page"}],"author":[{"embeddable":true,"href":"https:\/\/www.mundocastillo.es\/index.php?rest_route=\/wp\/v2\/users\/1"}],"replies":[{"embeddable":true,"href":"https:\/\/www.mundocastillo.es\/index.php?rest_route=%2Fwp%2Fv2%2Fcomments&post=257"}],"version-history":[{"count":35,"href":"https:\/\/www.mundocastillo.es\/index.php?rest_route=\/wp\/v2\/pages\/257\/revisions"}],"predecessor-version":[{"id":474,"href":"https:\/\/www.mundocastillo.es\/index.php?rest_route=\/wp\/v2\/pages\/257\/revisions\/474"}],"wp:featuredmedia":[{"embeddable":true,"href":"https:\/\/www.mundocastillo.es\/index.php?rest_route=\/wp\/v2\/media\/315"}],"wp:attachment":[{"href":"https:\/\/www.mundocastillo.es\/index.php?rest_route=%2Fwp%2Fv2%2Fmedia&parent=257"}],"curies":[{"name":"wp","href":"https:\/\/api.w.org\/{rel}","templated":true}]}}